e
Is 30829 a composite number?
False
Is 28403 a prime number?
True
Is 193271 composite?
True
Is 16273 composite?
False
Is 5567 composite?
True
Is 501287 prime?
True
Is 81157 a prime number?
True
Is 153257 prime?
False
Is 467135 a composite number?
True
Is 2105203 a prime number?
True
Is 411977 composite?
True
Is 69371 a prime number?
True
Is 4903 prime?
True
Is 524497 prime?
True
Is 4711 prime?
False
Is 13663 composite?
True
Is 544247 prime?
False
Is 121747 prime?
False
Is 818 a composite number?
True
Is 13811 a composite number?
True
Is 42865 a composite number?
True
Is 6521 composite?
False
Is 13553 prime?
True
Is 54577 composite?
False
Is 41029 a composite number?
True
Is 21863 prime?
True
Is 610441 a prime number?
False
Is 2629 prime?
False
Is 1481 prime?
True
Is 1061179 a composite number?
True
Is 157319 a composite number?
True
Is 1502 a prime number?
False
Is 17309 composite?
True
Is 24233 prime?
False
Is 490213 composite?
True
Is 43943 prime?
True
Is 370883 a composite number?
False
Is 27155 prime?
False
Is 13397 prime?
True
Is 1601 prime?
True
Is 95137 a composite number?
True
Is 13963 prime?
True
Is 7179 a composite number?
True
Is 1338143 a composite number?
True
Is 351971 composite?
False
Is 61459 prime?
False
Is 2531 prime?
True
Is 258101 a prime number?
True
Is 49705 a prime number?
False
Is 107669 prime?
False
Is 575359 a prime number?
True
Is 1966 a prime number?
False
Is 306689 a prime number?
True
Is 40609 a composite number?
False
Is 7609 a composite number?
True
Is 23357 prime?
True
Is 1347 composite?
True
Is 39323 prime?
True
Is 638377 composite?
True
Is 11213 a prime number?
True
Is 11017 prime?
False
Is 2463 prime?
False
Is 7709 a prime number?
False
Is 29663 prime?
True
Is 9637 prime?
False
Is 5351 prime?
True
Is 3247 prime?
False
Is 313661 composite?
False
Is 8047 a prime number?
False
Is 150743 a prime number?
True
Is 47093 prime?
True
Is 27179 prime?
True
Is 96581 a composite number?
False
Is 40771 a composite number?
False
Is 677015 prime?
False
Is 3956039 a composite number?
True
Is 40109 a composite number?
True
Is 2053 a composite number?
False
Is 254069 composite?
True
Is 48058 a prime number?
False
Is 6121 composite?
False
Is 4327 composite?
False
Is 13558 a composite number?
True
Is 21211 a composite number?
False
Is 1438 a composite number?
True
Is 191 prime?
True
Is 350213 prime?
True
Is 1132499 prime?
True
Is 242863 prime?
True
Is 198637 a composite number?
False
Is 479 a prime number?
True
Is 92033 composite?
False
Is 5033 a composite number?
True
Is 336893 prime?
False
Is 434377 composite?
False
Is 58726 a composite number?
True
Is 23637 composite?
True
Is 2092031 a prime number?
False
Is 13922 a composite number?
True
Is 5155 a prime number?
False
Is 16271 composite?
True
Is 117301 composite?
True
Is 31063 a prime number?
True
Is 23603 composite?
False
Is 338927 a prime number?
True
Is 29101 a composite number?
False
Is 23227 a composite number?
False
Is 1531 composite?
False
Is 5903 composite?
False
Is 433531 composite?
True
Is 4109255 prime?
False
Is 4083 composite?
True
Is 5137 a prime number?
False
Is 19255 a composite number?
True
Is 101245 composite?
True
Is 145351 a composite number?
True
Is 5513 a composite number?
True
Is 5965 a composite number?
True
Is 8563 a prime number?
True
Is 37717 composite?
False
Is 133631 prime?
True
Is 277483 a prime number?
True
Is 521 composite?
False
Is 336097 composite?
True
Is 309359 a composite number?
False
Is 22757 composite?
True
Is 35858 composite?
True
Is 2157 a composite number?
True
Is 134129 a composite number?
False
Is 5095 a prime number?
False
Is 2495 prime?
False
Is 3062 a prime number?
False
Is 678451 a composite number?
False
Is 9649 a composite number?
False
Is 4109 prime?
False
Is 34139 composite?
True
Is 44869 composite?
True
Is 102413 a composite number?
True
Is 1337 composite?
True
Is 81839 composite?
False
Is 60859 a composite number?
False
Is 60011 prime?
False
Is 37747 a composite number?
False
Is 537269 a prime number?
True
Is 479 a composite number?
False
Is 93479 prime?
True
Is 274145 composite?
True
Is 313207 prime?
True
Is 17786 composite?
True
Is 20593 prime?
True
Is 14379 prime?
False
Is 1511 a prime number?
True
Is 4229 prime?
True
Is 116971 a prime number?
False
Is 307 a prime number?
True
Is 2887 a prime number?
True
Is 63577 a prime number?
True
Is 42203 prime?
False
Is 87349 prime?
False
Is 95359 a composite number?
True
Is 131993 composite?
True
Is 69863 a composite number?
True
Is 1465 a prime number?
False
Is 11351 a prime number?
True
Is 18859 a prime number?
True
Is 106591 prime?
True
Is 344587 a prime number?
True
Is 2790389 prime?
False
Is 181069 a prime number?
False
Is 29779 a composite number?
True
Is 2541001 a composite number?
False
Is 1597495 composite?
True
Is 112973 a prime number?
False
Is 7583 a composite number?
False
Is 208961 prime?
True
Is 60209 prime?
True
Is 58271 a prime number?
True
Is 3163 a composite number?
False
Is 109661 prime?
True
Is 666005 prime?
False
Is 441403 prime?
True
Is 32897 a composite number?
True
Is 405847 composite?
True
Is 83219 composite?
False
Is 246485 a composite number?
True
Is 34851 a composite number?
True
Is 859 a composite number?
False
Is 39433 prime?
False
Is 832003 a prime number?
True
Is 141621 prime?
False
Is 901 a prime number?
False
Is 41281 a prime number?
True
Is 423581 composite?
False
Is 19901 prime?
False
Is 171863 prime?
True
Is 8306 a composite number?
True
Is 77951 a prime number?
True
Is 420671 prime?
True
Is 170441 prime?
True
Is 247811 prime?
True
Is 20219 a prime number?
True
Is 620953 prime?
False
Is 74059 a composite number?
True
Is 27059 composite?
False
Is 212071 a composite number?
True
Is 3833 composite?
False
Is 1327759 prime?
True
Is 348911 composite?
False
Is 13042 composite?
True
Is 428629 composite?
False
Is 801721 prime?
False
Is 14281 prime?
True
Is 411 a prime number?
False
Is 7789 a composite number?
False
Is 103763 a prime number?
False
Is 249635 a prime number?
False
Is 3107 prime?
False
Is 8063437 prime?
True
Is 11777 prime?
True
Is 6121 prime?
True
Is 1518263 a composite number?
False
Is 359041 a prime number?
True
Is 45295 composite?
True
Is 231661 a composite number?
False
Is 41909 a prime number?
False
Is 4397 a prime number?
True
Is 9077 a composite number?
True
Is 813497 a prime number?
False
Is 6362 composite?
True
Is 27997 a composite number?
False
Is 1423 composite?
False
Is 111467 a prime number?
True
Is 582067 prime?
True
Is 9521 prime?
True
Is 1026829 composite?
False
Is 422393 composite?
False
Is 4321 composite?
True
Is 134395 composite?
True
Is 887 a prime number?
True
Is 108821 a prime number?
True
Is 33443 composite?
True
Is 12458 a composite number?
True
Is 11969 composite?
False
Is 519769 composite?
False
Is 114547 a composite number?
False
Is 27763 a composite number?
False
Is 3639 prime?
False
Is 54193 a prime number?
True
Is 4201 a composite number?
False
Is 52187 prime?
False
Is 102701 composite?
False
Is 122347 prime?
True
Is 162119 a prime number?
True
Is 12813 composite?
True
Is 354727 a composite number?
False
Is 20089 prime?
True
Is 18287 prime?
True
Is 12193 composite?
True
Is 21661 a prime number?
True
Is 76009 a prime number?
False
Is 11239 composite?
False
Is 159287 prime?
True
Is 337235 a prime number?
False
Is 17337 prime?
False
Is 110419 prime?
True
Is 1781 composite?
True
Is 1040671 a composite number?
False
Is 194261 a prime number?
False
Is 3989 a prime number?
True
Is 25459 a composite number?
True
Is 29779 a prime number?
False
Is 26083 composite?
False
Is 13765 composite?
True
Is 189419 composite?
True
Is 220105 composite?
True
Is 385709 prime?
True
Is 1149037 a composite number?
False
Is 1949 a prime number?
True
Is 2556179 composite?
False
Is 4399 a prime number?
False
Is 63643 composite?
True
Is 35339 composite?
False
Is 1300237 a composite number?
False
Is 95639 a prime number?
False
Is 105371 a composite number?
True
Is 105673 prime?
True
Is 7862 a prime number?
False
Is 641129 a composite number?
False
Is 985505 composite?
True
Is 877 composite?
False
Is 198587 composite?
True
Is 166153 a prime number?
False
Is 367291 composite?
True
Is 12313 a composite number?
True
Is 25013 a prime numb